 of 20 and m.
4
Suppose 0 = -o - o + 174. Suppose 2*h + 7 - o = 0. What is the highest common factor of 8 and h?
8
Let d = -10 + 12. Let r be (4 - (-14)/(-4))*d. Calculate the greatest common divisor of r and 7.
1
Suppose -c - 2*c = -4*m - 1077, -m = -3. What is the highest common divisor of c and 33?
33
Let c be (5 - (3 + -2))/1. What is the greatest common divisor of 16 and c?
4
Let f(u) = -5*u + 5. Let z be f(-11). What is the greatest common divisor of 75 and z?
15
Let b = -11 + 14. Calculate the greatest common divisor of 1 and b.
1
Suppose 2*h + 2*s - 988 = 0, 0 = -2*s - 3 + 1. Calculate the greatest common divisor of 45 and h.
45
Let p = 5 + -1. Suppose 58 = p*c - 14. What is the highest common divisor of c and 36?
18
Let w(h) = h**3 - 11*h**2 + 10*h + 10. Let t be w(10). Suppose -26*p + 24*p + 180 = 0. Calculate the greatest common divisor of p and t.
10
Suppose -4*p = -12 + 4. What is the greatest common factor of 1 and p?
1
Suppose 0 = -5*g + g + 56. Suppose 0 = 3*x - 6*x + 432. Suppose 32 = -k + x. Calculate the greatest common factor of g and k.
14
Let k(s) = s**2 + 4*s - 2. Let y be k(-4). Let u(m) = -7*m + 6. Let j be u(y). Calculate the greatest common factor of j and 20.
20
Let c = 27 + -11. Calculate the highest common factor of c and 112.
16
Suppose -4*o + 34 + 78 = 2*v, 5*v + 112 = 4*o. What is the highest common divisor of 4 and o?
4
Suppose -4*z + 20 + 4 = 0. What is the greatest common divisor of z and 15?
3
Suppose 0*j + 2*j - 3*c - 12 = 0, -5*j - c - 4 = 0. Let k be 0 + (-1 - j)*-3. Let h be (-1)/(3 - 10/k). Calculate the highest common factor of 3 and h.
3
Let c(i) = -3*i + 3. Let a be (-36)/4 - (1 + -2). Let u be c(a). What is the highest common divisor of 3 and u?
3
Let j = 2 - -13. Let p be j/2*(-1 - -5). What is the highest common divisor of p and 20?
10
Let m = 32 - 17. Let b be (-3)/15 - (-63)/m. Calculate the greatest common factor of b and 36.
4
Suppose 2*k = 0, -k + 10 = 5*v - 0. Suppose v*u - 66 = -u. Calculate the highest common factor of u and 176.
22
Let v(h) = -h**2 - h + 7. Let b be v(0). Suppose y - b = 4. Calculate the greatest common factor of y and 121.
11
Let b = 9 - 15. Let t be b/3 + 4*1. Suppose -t*s = 10, s = 4*j - 56 - 17. What is the highest common factor of j and 68?
17
Let d(h) = -h - 1. Let t be d(-3). Suppose 51 = 5*b - 3*m - 51, 2*b + t*m - 28 = 0. Let s be 25 + 2/4*4. Calculate the greatest common divisor of s and b.
9
Suppose 101 = 3*o + 2*o - k, 0 = 2*o - 5*k - 45. Suppose j - o = -2*v + 4*j, 30 = 3*v - 3*j. Let w = -13 + 38. What is the greatest common divisor of v and w?
5
Let m(g) = -g**3 + 2*g**2 + 6*g + 7. Let i be m(-5). Let k be 1/1 - (-9 - 9). What is the greatest common divisor of k and i?
19
Let t(q) = -38*q + 7. Suppose -2*b - 6 + 0 = 0. Let v be t(b). Calculate the highest common divisor of 11 and v.
11
Let z be 0/1 - (2 + -3). Let f = z + 0. Let n be -10 + 19 + -2 + 1. What is the greatest common divisor of f and n?
1
Suppose -9*f + 28 = -5*f. Suppose 2*v - q - 22 = f, 10 = v + q. Calculate the greatest common factor of 91 and v.
13
Let i = 3 + 8. Let x be (2 - (-2 - -3))*495. Suppose f - x = -4*f. Calculate the greatest common factor of i and f.
11
Let z(o) be the first derivative of -5*o**2 - 4*o - 4. Let g be z(-2). What is the greatest common divisor of 24 and g?
8
Let r(h) = -h**2 + 8*h - 4. Let b be r(9). Let c = b - -15. What is the greatest common factor of 1 and c?
1
Let w be 3 - (-5)/((-10)/(-6)). Suppose 2*y = 2*u - 4, 0 = 6*y - 2*y - 2*u + 6. Let z be (36*y)/((-4)/6). Calculate the highest common factor of w and z.
6
Let w(z) = -z + 3. Let b be w(-12). Calculate the greatest common factor of b and 3.
3
Let t(w) = 6*w + 14. Let h(l) = -5*l - 13. Let j(o) = -7*h(o) - 6*t(o). Let r be j(6). Calculate the greatest common factor of 9 and r.
1
Let t be (-2)/(-2*(-5)/(-620)). What is the highest common factor of 31 and t?
31
Suppose -20 = -5*a, -2*s - 5*a + 119 = -11. Calculate the highest common divisor of s and 11.
11
Suppose -3*o - 8 = -3*g + 7, 2*g - 31 = -5*o. Let y(i) = -i**3 - 10*i**2 + 9*i - 21. Let f be y(-11). Calculate the greatest common divisor of g and f.
1
Let t = 7 + -8. Let q be t/(2/4) - -14. Calculate the greatest common factor of 4 and q.
4
Suppose r = 3*r - 872. Suppose 3*i + 108 + 6 = z, 2*i + r = 4*z. What is the highest common factor of z and 12?
12
Let i be 4/2 - 18/2. Let f(l) = l**3 + 9*l**2 + l - 1. Let a be f(i). Calculate the greatest common factor of 18 and a.
18
Suppose 2*x - 4 + 0 = 0. What is the highest common factor of 5 and x?
1
Let v(a) = -a**3 - 6*a**2 - a + 5. Let b be v(-6). Suppose 0 = s - 2*u - 43, -3*s + 3*u = -0*s - 114. Calculate the highest common factor of s and b.
11
Let l(j) = -j + 1. Let r be l(-7). Let o be 10/3*12/r. Suppose -4*t + 1 + 2 = -a, -35 = -5*a - o*t. What is the highest common divisor of 15 and a?
5
Let b be 3936/132 + (-4)/(-22). What is the greatest common divisor of 6 and b?
6
Suppose -d = -4*r - 42, -5*r + 0 - 3 = d. Calculate the greatest common factor of 198 and d.
22
Suppose -3*x + 258 = 3*g, -6*g + 3*g - 4*x = -254. Let p = g + -36. Calculate the highest common factor of p and 6.
6
Suppose 9*t - t = 136. Let k = 37 + -3. What is the highest common factor of t and k?
17
Suppose -40 = -3*f - b, 8 - 42 = -2*f + 3*b. What is the greatest common factor of 126 and f?
14
Let b be (-398)/(-2) + (2 - 3). Calculate the greatest common divisor of b and 18.
18
Let a be 4/(-6) - 50/(-3). Suppose -2*u + 3 = -3. Suppose a + 2 = u*v. Calculate the highest common factor of v and 54.
6
Let d(s) = s**3 - 16*s**2 - 17*s + 3. Let u be d(17). Suppose -z - u = -6. What is the greatest common factor of 2 and z?
1
Let p = -31 + 44. Calculate the highest common factor of 104 and p.
13
Suppose -3*y + 0*y = -6. Suppose 0 = 5*z - y*m - 71, -5*z = m - 0 - 62. Let h be 1/(-4) - (-53)/4. Calculate the highest common factor of z and h.
13
Let w(v) = -v**3 + 2*v**2 + 5*v - 3. Let c be w(3). Let m = 21 + -13. Let p = m - c. Calculate the highest common factor of 5 and p.
5
Suppose -9*p - 340 = -13*p. What is the greatest common factor of 17 and p?
17
Let v be (82/(-10) + -3)*-5. Suppose v = -x + 155. Calculate the greatest common factor of x and 11.
11
Let v(w) = w**2 - 4*w + 5. Let d be v(6). Let u = -51 + 170. Calculate the greatest common factor of d and u.
17
Suppose z - 11 = -2. Let q(p) be the third derivative of p**5/60 + p**4/8 - p**3/6 + 3*p**2. Let r be q(-4). What is the greatest common divisor of z and r?
3
Suppose 0 = o - 4*f + 30, 4*o + 16 + 68 = 4*f. Let w be (-8)/16 + o/4. Let g = 9 + w. Calculate the highest common factor of g and 1.
1
Let w = -574 + 916. What is the greatest common divisor of w and 38?
38
Suppose -3 = -4*k + 9. Suppose -4*a + 148 = 40. What is the greatest common divisor of k and a?
3
Suppose 6*c = 7*c - 44. What is the highest common divisor of 110 and c?
22
Let i(d) = d + 8. Let b be i(-5). Let q(s) = -2*s - 9. Let k be q(-6). Calculate the greatest common divisor of b and k.
3
Suppose 7*m = -a + 3*m + 152, 3 = m. What is the highest common divisor of a and 20?
20
Let y(d) = -2*d - 8. Let c(b) = -74*b**2. Let s be c(1). Let h be 4/18 - s/(-9). Let n be y(h). What is the greatest common factor of 40 and n?
8
Let o = 59 - 31. Let l = o - 11. Let m = -141 - -226. Calculate the greatest common divisor of m and l.
17
Suppose -12*w + 7*w + 255 = 0. Calculate the highest common divisor of w and 3.
3
Let a(m) = m**3 + 14*m**2 + 12*m - 1. Let w be a(-13). What is the greatest common factor of w and 60?
12
Suppose 0 = -4*a - 6 + 14. Suppose 0*v - 12 = -a*v. Suppose -3*m + 4*w = 2*m - 110, m + w = 13. What is the greatest common factor of v and m?
6
Suppose -4*q + s + s + 300 = 0, s = -2*q + 150. Suppose -q = 3*k - 8*k. Calculate the greatest common divisor of k and 5.
5
Let q be 4/(-10)*(-7 - 3). Suppose -2 + 18 = q*b. What is the greatest common divisor of b and 6?
2
Suppose -6*n + 72 + 12 = 0. What is the greatest common factor of 70 and n?
14
Suppose 20 = 7*a - 2*a + 2*t, 4*a + 5*t = -1. Let k = -269 + 272. What is the highest common factor of k and a?
3
Let o(y) = 2*y**3 + 5*y**2 - 5*y. Let m be o(2). Calculate the greatest common factor of m and 13.
13
Let t be (-1035)/81 - (-4)/(-18). Let w(l) 